377
List the prime factors of 71854087.
17, 4226711
What are the prime factors of 804235228?
2, 223, 571, 1579
What are the prime factors of 6511947221?
13, 41, 12217537
What are the prime factors of 1314092876?
2, 127, 2586797
List the prime factors of 1334053.
7, 190579
What are the prime factors of 4701808558?
2, 17, 138288487
List the prime factors of 496104624.
2, 3, 29, 118799
What are the prime factors of 186386210?
2, 5, 1039, 17939
List the prime factors of 6892197851.
7, 11, 17, 752177
What are the prime factors of 634337938?
2, 13, 29, 841297
List the prime factors of 172373647.
67, 2572741
What are the prime factors of 1756156263?
3, 19, 131, 479, 491
What are the prime factors of 813903427?
813903427
What are the prime factors of 1287911823?
3, 11, 17, 2295743
What are the prime factors of 35289975?
3, 5, 7, 67219
What are the prime factors of 909984471?
3, 11, 263, 104849
What are the prime factors of 1386815201?
41, 3929, 8609
What are the prime factors of 864402214?
2, 13, 37, 69119
List the prime factors of 660418739.
19, 34758881
List the prime factors of 78410059.
7, 13, 23, 37463
What are the prime factors of 227891681?
17, 19, 431, 1637
List the prime factors of 762031595.
5, 13, 43, 103, 2647
List the prime factors of 110700515.
5, 17, 829, 1571
What are the prime factors of 910748483?
61, 14930303
List the prime factors of 1859144978.
2, 929572489
List the prime factors of 518690075.
5, 20747603
What are the prime factors of 78288329?
7, 1597721
What are the prime factors of 403387286?
2, 1669, 120847
List the prime factors of 68785919.
137, 502087
What are the prime factors of 1474335756?
2, 3, 29, 173, 907
List the prime factors of 83540412.
2, 3, 31, 74857
What are the prime factors of 233644507?
199, 1174093
What are the prime factors of 87921177?
3, 31, 945389
List the prime factors of 1143970352.
2, 7, 59, 233, 743
What are the prime factors of 170997770?
2, 5, 107, 159811
What are the prime factors of 4367656476?
2, 3, 29, 157, 26647
What are the prime factors of 4587742?
2, 29, 83, 953
List the prime factors of 165257357.
17, 61, 159361
What are the prime factors of 12346455?
3, 5, 11, 74827
List the prime factors of 151027119.
3, 1997, 2801
What are the prime factors of 11589289?
547, 21187
List the prime factors of 262269908.
2, 65567477
List the prime factors of 325732392.
2, 3, 59, 76679
List the prime factors of 7582127624.
2, 599, 1582247
List the prime factors of 1156496461.
1453, 795937
What are the prime factors of 226214895?
3, 5, 15080993
What are the prime factors of 52422531?
3, 7, 47, 53113
What are the prime factors of 5116363?
7, 730909
List the prime factors of 5986320329.
11, 19, 28642681
List the prime factors of 1581533979.
3, 3733, 141221
List the prime factors of 30637614.
2, 3, 7, 19, 38393
What are the prime factors of 73551473?
8461, 8693
List the prime factors of 67003812.
2, 3, 349, 5333
List the prime factors of 1409591121.
3, 469863707
List the prime factors of 717546000.
2, 3, 5, 119591
List the prime factors of 235001915.
5, 47000383
What are the prime factors of 238243284?
2, 3, 263, 25163
What are the prime factors of 146090633?
13, 97, 115853
What are the prime factors of 78819954?
2, 3, 83, 163, 971
What are the prime factors of 79780648?
2, 9972581
List the prime factors of 433674364.
2, 691, 156901
List the prime factors of 758690762.
2, 379345381
List the prime factors of 464741694.
2, 3, 271, 95273
What are the prime factors of 55423534?
2, 347, 79861
List the prime factors of 3172273750.
2, 5, 29, 87511
List the prime factors of 907080927.
3, 59, 307, 16693
List the prime factors of 31315511.
31315511
What are the prime factors of 371245043?
13, 28557311
What are the prime factors of 39064399?
11, 19, 311, 601
List the prime factors of 343574893.
71, 199, 24317
List the prime factors of 1158480346.
2, 47, 103, 119653
What are the prime factors of 430695009?
3, 43, 107, 3467
What are the prime factors of 35830564?
2, 7, 11, 16619
List the prime factors of 216877430.
2, 5, 7, 11, 40237
What are the prime factors of 283728989?
23, 47, 262469
List the prime factors of 988339008.
2, 3, 653, 7883
List the prime factors of 9665947.
9665947
What are the prime factors of 2688766469?
2688766469
What are the prime factors of 11532784?
2, 503, 1433
List the prime factors of 6533101107.
3, 13, 31, 127, 1091
List the prime factors of 2970717557.
2970717557
What are the prime factors of 5203056855?
3, 5, 67, 331, 15641
List the prime factors of 2002347157.
47, 42603131
List the prime factors of 508206608.
2, 7, 13, 349043
What are the prime factors of 65920276?
2, 101, 163169
What are the prime factors of 24403533?
3, 7, 11, 89, 1187
What are the prime factors of 428235439?
428235439
What are the prime factors of 467001737?
937, 498401
What are the prime factors of 189921348?
2, 3, 17, 29, 41
What are the prime factors of 40593541?
281, 144461
What are the prime factors of 377762722?
2, 59, 3201379
What are the prime factors of 464868833?
11, 13, 3250831
List the prime factors of 1048612530.
2, 3, 5, 7, 17, 293729
What are the prime factors of 592563036?
2, 3, 13, 3798481
What are the prime factors of 162369961?
13, 197, 4877
What are the prime factors of 296562606?
2, 3, 49427101
List the prime factors of 14120684.
2, 43, 53, 1549
What are the prime factors of 95948746?
2, 19, 132893
List the prime factors of 25616598.
2, 3, 7, 19, 47, 683
What are the prime factors of 1659540876?
2, 3, 7, 53, 372763
List the prime factors of 5880291869.
5880291869
What are the prime factors of 2250016?
2, 70313
List the prime factors of 85389893.
89, 479, 2003
What are the prime factors of 831010671?
3, 269, 12713
List the prime factors of 572066199.
3, 401, 52837
What are the prime factors of 63269112?
2, 3, 37, 71249
List the prime factors of 3084741391.
61, 50569531
List the prime factors of 509162186.
2, 13, 47, 32051
List the prime factors of 20737100.
2, 5, 207371
List the prime factors of 377601908.
2, 94400477
What are the prime factors of 35386407?
3, 7, 31, 18119
List the prime factors of 79433365.
5, 11, 157, 9199
What are the prime factors of 368670485?
5, 79, 89, 10487
What are the prime factors of 137750360?
2, 5, 11, 31, 10099
List the prime factors of 446469787.
37, 41, 294311
What are the prime factors of 120214818?
2, 3, 857, 7793
What are the prime factors of 5457870645?
3, 5, 383, 397, 2393
List the prime factors of 823401188.
2, 17, 151, 80191
What are the prime factors of 22599956?
2, 463, 12203
What are the prime factors of 1360314951?
3, 453438317
List the prime factors of 3534890852.
2, 17, 29, 43, 41687
What are the prime factors of 1930179371?
17, 1483, 76561
What are the prime factors of 289623382?
2, 1319, 109789
What are the prime factors of 15956916?
2, 3, 37, 83, 433
What are the prime factors of 631694740?
2, 5, 83, 241, 1579
What are the prime factors of 37412626?
2, 3911, 4783
List the prime factors of 126693179.
43, 73, 40361
List the prime factors of 43746043.
11, 3976913
What are the prime factors of 21792736?
2, 7, 271, 359
List the prime factors of 691510167.
3, 113, 679951
List the prime factors of 231933967.
29, 67, 79, 1511
List the prime factors of 1227910200.
2, 3, 5, 11, 23, 8089
What are the prime factors of 528819021?
3, 58757669
List the prime factors of 166543846.
2, 7, 1699427
What are the prime factors of 287685881?
7, 41097983
List the prime factors of 2045954663.
43, 47580341
What are the prime factors of 14887586?
2, 7, 1063399
What are the prime factors of 1675834624?
2, 6546229
What are the prime factors of 565632260?
2, 5, 61, 463633
List the prime factors of 70289101.
17, 337, 12269
List the prime factors of 123734174.
2, 47, 1316321
What are the prime factors of 1565073705?
3, 5, 13, 127, 63197
What are the prime factors of 6921921141?
3, 19, 1279, 31649
What are the prime factors of 159605595?
3, 5, 1319, 2689
What are the prime factors of 181084900?
2, 5, 1033, 1753
What are the prime factors of 647498625?
3, 5, 19, 4783
List the prime factors of 4418267.
7, 631181
What are the prime factors of 25048575?
3, 5, 43, 863
What are the prime factors of 1265396295?
3, 5, 19, 29, 283, 541
List the prime factors of 1697410488.
2, 3, 23, 3075019
